igit of 18172?
1
What is the tens digit of 5295?
9
What is the hundreds digit of 6013?
0
What is the tens digit of 8269?
6
What is the tens digit of 406?
0
What is the units digit of 152532?
2
What is the tens digit of 13901?
0
What is the units digit of 33095?
5
What is the hundreds digit of 4875?
8
What is the hundreds digit of 86047?
0
What is the thousands digit of 27017?
7
What is the ten thousands digit of 13254?
1
What is the hundreds digit of 609?
6
What is the units digit of 22304?
4
What is the tens digit of 785?
8
What is the tens digit of 11166?
6
What is the hundreds digit of 935?
9
What is the tens digit of 30677?
7
What is the thousands digit of 5271?
5
What is the tens digit of 798?
9
What is the hundreds digit of 56546?
5
What is the units digit of 32?
2
What is the hundreds digit of 11971?
9
What is the tens digit of 47938?
3
What is the hundreds digit of 3207?
2
What is the tens digit of 55205?
0
What is the tens digit of 1141?
4
What is the tens digit of 23?
2
What is the hundreds digit of 5178?
1
What is the tens digit of 20534?
3
What is the hundreds digit of 9580?
5
What is the tens digit of 1215?
1
What is the units digit of 49750?
0
What is the units digit of 6994?
4
What is the units digit of 6602?
2
What is the units digit of 13329?
9
What is the thousands digit of 26420?
6
What is the hundreds digit of 1379?
3
What is the units digit of 2854?
4
What is the ten thousands digit of 200533?
0
What is the tens digit of 546?
4
What is the units digit of 13790?
0
What is the hundreds digit of 76927?
9
What is the ten thousands digit of 24651?
2
What is the tens digit of 280?
8
What is the thousands digit of 4002?
4
What is the tens digit of 56190?
9
What is the tens digit of 47523?
2
What is the units digit of 6975?
5
What is the hundred thousands digit of 124995?
1
What is the units digit of 8?
8
What is the thousands digit of 48069?
8
What is the thousands digit of 17480?
7
What is the thousands digit of 40730?
0
What is the thousands digit of 3283?
3
What is the thousands digit of 10339?
0
What is the ten thousands digit of 74000?
7
What is the tens digit of 1088?
8
What is the tens digit of 693?
9
What is the hundreds digit of 905?
9
What is the thousands digit of 3011?
3
What is the units digit of 7898?
8
What is the hundreds digit of 39397?
3
What is the ten thousands digit of 99044?
9
What is the tens digit of 1679?
7
What is the thousands digit of 1157?
1
What is the tens digit of 107697?
9
What is the tens digit of 825?
2
What is the thousands digit of 3406?
3
What is the hundreds digit of 70598?
5
What is the units digit of 14497?
7
What is the hundreds digit of 956?
9
What is the tens digit of 69261?
6
What is the ten thousands digit of 59723?
5
What is the ten thousands digit of 29117?
2
What is the thousands digit of 34477?
4
What is the units digit of 1107?
7
What is the tens digit of 2013?
1
What is the hundreds digit of 5764?
7
What is the tens digit of 295?
9
What is the hundreds digit of 254?
2
What is the hundreds digit of 53582?
5
What is the units digit of 13764?
4
What is the hundreds digit of 801?
8
What is the units digit of 4?
4
What is the ten thousands digit of 74773?
7
What is the hundreds digit of 3612?
6
What is the units digit of 8?
8
What is the units digit of 22300?
0
What is the tens digit of 2634?
3
What is the units digit of 625?
5
What is the units digit of 552?
2
What is the hundreds digit of 5792?
7
What is the ten thousands digit of 41233?
4
What is the tens digit of 521?
2
What is the ten thousands digit of 35691?
3
What is the hundreds digit of 27280?
2
What is the hundreds digit of 24786?
7
What is the units digit of 4908?
8
What is the tens digit of 1961?
6
What is the units digit of 69659?
9
What is the units digit of 64?
4
What is the units digit of 519?
9
What is the hundreds digit of 4250?
2
What is the units digit of 4191?
1
What is the tens digit of 19676?
7
What is the ten thousands digit of 10045?
1
What is the tens digit of 22665?
6
What is the units digit of 2318?
8
What is the ten thousands digit of 20261?
2
What is the tens digit of 57267?
6
What is the tens digit of 74?
7
What is the units digit of 33707?
7
What is the hundreds digit of 345?
3
What is the thousands digit of 1690?
1
What is the units digit of 5569?
9
What is the units digit of 3161?
1
What is the units digit of 628?
8
What is the units digit of 596?
6
What is the thousands digit of 1489?
1
What is the tens digit of 13710?
1
What is the thousands digit of 97869?
7
What is the thousands digit of 2443?
2
What is the tens digit of 8393?
9
What is the hundreds digit of 379?
3
What is the units digit of 829?
9
What is the tens digit of 93573?
7
What is the thousands digit of 4130?
4
What is the tens digit of 540?
4
What is the hundreds digit of 5367?
3
What is the hundreds digit of 4524?
5
What is the hundreds digit of 3249?
2
What is the hundreds digit of 1801?
8
What is the thousands digit of 1201?
1
What is the hundreds digit of 22706?
7
What is the tens digit of 10812?
1
What is the hundreds digit of 52883?
8
What is the hundreds digit of 34789?
7
What is the thousands digit of 109103?
9
What is the hundreds digit of 589?
5
What is the ten thousands digit of 68094?
6
What is the thousands digit of 9080?
9
What is the tens digit of 2466?
6
What is the hundreds digit of 7788?
7
What is the hundreds digit of 8559?
5
What is the hundreds digit of 9319?
3
What is the units digit of 4673?
3
What is the units digit of 24534?
4
What is the hundreds digit of 2519?
5
What is the units digit of 624?
4
What is the units digit of 740?
0
What is the units digit of 307?
7
What is the thousands digit of 77636?
7
What is the tens digit of 1825?
2
What is the hundreds digit of 850?
8
What is the hundreds digit of 468?
4
What is the hundreds digit of 49969?
9
What is the hundreds digit of 2681?
6
What is the hundreds digit of 11290?
2
What is the hundreds digit of 116?
1
What is the tens digit of 80789?
8
What is the units digit of 2420?
0
What is the units digit of 1017?
7
What is the hundreds digit of 140?
1
What is the tens digit of 6318?
1
What is the units digit of 30652?
2
What is the tens digit of 489?
8
What is the hundreds digit of 283?
2
What is the hundreds digit of 6270?
2
What is the thousands digit of 2712?
2
What is the units digit of 102984?
4
What is the thousands digit of 35639?
5
What is the hundreds digit of 55351?
3
What is the thousands digit of 1923?
1
What is the thousands digit of 3810?
3
What is the tens digit of 356?
5
What is the hundreds digit of 12643?
6
What is the tens digit of 13658?
5
What is the units digit of 659?
9
What is the units digit of 7063?
3
What is the units digit of 39?
9
What is the tens digit of 7576?
7
What is the ten thousands digit of 12156?
1
What is the units digit of 96440?
0
What is the ten thousands digit of 21747?
2
What is the hundreds digit of 4983?
9
What is the tens digit of 599?
9
What is the thousands digit of 9030?
9
What is the thousands digit of 119602?
9
What is the hundreds digit of 36400?
4
What is the units digit of 1765?
5
What is the units digit of 906?
6
What is the thousands digit of 14886?
4
What is the hundred thousands digit of 141889?
1
What is the units digit of 3597?
7
What is the tens digit of 136270?
7
What is the hundreds digit of 6841?
8
What is the hundreds digit of 126496?
4
What is the thousands digit of 8569?
8
What is the hundreds digit of 14389?
3
What is the tens digit of 8488?
8
What is the thousands digit of 130453?
0
What is the thousands digit of 32217?
2
What is the thousands digit of 15960?
5
What is the tens digit of 361?
6
What is the ten thousands digit of 10119?
1
What is the hundreds digit of 17183?
1
What is the tens digit of 8993?
9
What is the units digit of 709?
9
What is the units digit of 5613?
3
What is the hundreds digit of 764?
7
What is the thousands digit of 5833?
5
What is the hundreds digit of 3369?
3
What is the hundreds digit of 535?
5
What is the thousands digit of 13250?
3
What is the units digit of 691?
1
What is the thousands digit of 22161?
2
What is the tens digit of 4427?
2
What is the units digit of 999?
9
What is the tens digit of 38345?
4
What is the tens digit of 8952?
5
What is the hundred